.
2, 7
Let z = -25 - -25. Suppose -5*r - 211 = 2*h, z = -5*h + 2*h - 9. Let b = 98 - r. List the prime factors of b.
139
Let l be 12/9 + (-10)/(-6). Suppose 2*g + 2143 = 5*s, -l*s - s - 2*g = -1700. What are the prime factors of s?
7, 61
Let j(o) = 24 + 80*o + 213*o**2 - 20*o - 29*o - 20*o. What are the prime factors of j(-3)?
2, 3, 53
Let o be 4 - (0 - (3 - 11)). Let x be ((-2)/3)/(o - (-142)/36). Suppose 0 = 5*q - x - 53. List the prime factors of q.
13
Let o = 11332 - -40145. What are the prime factors of o?
3, 17159
Let j(y) = -372*y + 50. Let m be j(-6). Suppose 29*s - 36*s = -m. List the prime factors of s.
2, 163
Let c(f) = 4*f**2 - 15*f - 4. Suppose g = -5*j + 26, 3*j - 5*g - 4 = 6. Suppose -j*x - 18 = 2*v - v, 2*x - 18 = -4*v. What are the prime factors of c(v)?
3, 29
Suppose -72 - 252 = -18*l. What are the prime factors of 6/l*1*1194?
2, 199
Suppose 0 = -4*u + 42 - 234. Let k = 50 + u. Suppose 4*n - 3*n + 2*f = 67, k*n - 3*f = 155. What are the prime factors of n?
73
Let x be (19/38)/(1 - (-493)/(-494)). Let w = x - 461. Let l = 434 + w. What are the prime factors of l?
2, 5, 11
Let p = 42403 + -6745. What are the prime factors of p?
2, 3, 7, 283
Let o be -42*(-7)/42*44. Suppose -o = 9*j - 3224. What are the prime factors of j?
2, 3
Suppose 2 = -3*p - t, -2*p - 2*t + 4 = -0*t. Let s be 1 + 2*-1 + 0 + p. What are the prime factors of (68 - (s + 2)) + 1/1?
2, 5, 7
Let k(y) = 7*y - 18. Let n be k(-8). Let d be n/(-26) - 2/(-13). Suppose 4*b + d*x - 579 = 0, 0 = -2*b + 7*b + x - 732. What are the prime factors of b?
3, 7
What are the prime factors of 12/((-15)/((-60)/(-8))) + 11735?
37, 317
Let o be (-6)/12*3658/(-1). Suppose -4*q + o = -3*f + 2*f, -5*f + 2280 = 5*q. What are the prime factors of q?
457
Let v = -75 - -79. Suppose -2*h + v*l = -114, -5*h = -6*h + 3*l + 53. Let j = 131 - h. List the prime factors of j.
2, 3, 11
What are the prime factors of 1567170/45 - (-153)/(-9)?
3, 41, 283
What are the prime factors of 11*(13 + 1988/(-154)) + 3*12435?
2, 23, 811
Let p be (-30)/4*(-1448)/(-3). What are the prime factors of 6/(-27) - p/9?
2, 3, 67
Let o = 24791 - 16538. List the prime factors of o.
3, 7, 131
List the prime factors of (-657797)/(-14) + -3 + 77/14.
2, 17, 691
Suppose 3*m - 1 + 13 = 0. Let x = m + 4. Suppose x*v + v - 4*l - 16 = 0, 3*v + l = 74. List the prime factors of v.
2, 3
Suppose 6*d - 57 = 25*d. Let b(j) = -50*j**3 - j**2 - 12*j - 5. List the prime factors of b(d).
2, 7
Let l(k) = 16*k**2 - 30*k. Let s be l(5). Let p = s - 244. List the prime factors of p.
2, 3
Suppose -6*s - 2547 = -3*s + 2*b, 4247 = -5*s - 4*b. Let q = s - -1199. Let g = q - 174. What are the prime factors of g?
2, 89
Suppose -2*v + 3*d + 1642 = 0, 8*v - 3280 = 4*v + 5*d. What are the prime factors of v?
5, 163
Let c(h) be the first derivative of h**4/4 + h**2/2 + 1683*h + 36. List the prime factors of c(0).
3, 11, 17
Let k = -2825 + 2906. Suppose 29 = -3*m - 49. Let d = k + m. What are the prime factors of d?
5, 11
Suppose 12*p = 8*p - 2*y + 20880, -10464 = -2*p + 5*y. List the prime factors of p.
2, 7, 373
Let q be (-170)/51*(-2)/5*6. Let g = -332 + 584. Suppose 11*d - g = q*d. List the prime factors of d.
2, 3, 7
Let r(v) = -151*v - 27. Let q = -810 - -807. List the prime factors of r(q).
2, 3, 71
Let f(n) = -83*n**2 + 21. Let x be f(0). Let i(a) be the third derivative of 11*a**4/24 - 11*a**3/3 + a**2. What are the prime factors of i(x)?
11, 19
Suppose h = -7*n + 73276 + 2196, 2*h + 2*n - 151016 = 0. List the prime factors of h.
2, 17, 2221
What are the prime factors of (2511/108)/((-1)/(-2) - (-32025)/(-64100))?
3, 31, 641
Suppose 3*n = 32*k - 28*k + 14692, 5*n - 24508 = -4*k. What are the prime factors of n?
2, 5, 7
Let o(j) = 23*j**3 - 20*j**2 - 42*j + 242. What are the prime factors of o(11)?
11, 2543
Suppose r + 295 - 1141 = 0. What are the prime factors of r?
2, 3, 47
Suppose 63*u - 66*u = 3, 2*r - 3*u = -31. Suppose -2*l + p + 3 = 13, 3*l + 4 = -4*p. What are the prime factors of -3*r*((-12)/9)/l?
17
Let u be (20/1)/((-69)/(-12075)). Let q = 5243 - u. List the prime factors of q.
3, 7, 83
Let k be (-9)/12 + (-3605)/20*1. Let j = k + 334. What are the prime factors of j?
3, 17
Let j = -420 - -422. Suppose j*i - 42*i = -29000. List the prime factors of i.
5, 29
Let n be -77 - (-1 + -1 - -2). Let v = 121 + 3. Let h = n + v. What are the prime factors of h?
47
Suppose -d - 181498 = -19*d + 190904. List the prime factors of d.
17, 1217
Let r(o) = -o**3 - 2*o**2 + 2*o + 12. Suppose 0 = -5*x - 26 + 26. Let a be r(x). Suppose -a*j = 3*j - 3060. List the prime factors of j.
2, 3, 17
Let l = -338 + 334. What are the prime factors of (16/l - 1) + 736?
17, 43
Let p be -1*0/((2 + 0)/1). Suppose p*j + 19*j + 4921 = 0. Let x = j + 379. List the prime factors of x.
2, 3, 5
Let t(i) = -i**2 - 25*i - 97. Let v(a) = a**2. Let x(f) = -t(f) + 4*v(f). List the prime factors of x(-11).
7, 61
Suppose -3*k = -14221 - 9377. List the prime factors of k.
2, 3, 19, 23
Let p = 68 - 63. Suppose -4*l - p*n + 100 = -n, 0 = 5*l + 3*n - 133. Let o = 150 + l. List the prime factors of o.
179
Suppose -3*q = 4*o - 5*o - 1683, -5*q + 2807 = -o. Suppose 0 = -42*v + q + 33458. List the prime factors of v.
2, 3, 5
Let y(c) = c**2 + 11*c + 23. Let w(k) = 6*k + 35. Let x be w(-8). Let z be y(x). Suppose -146 = -5*j + z. List the prime factors of j.
3, 13
Let m = -734 - -1258. Suppose -1086 = -2*s - m. List the prime factors of s.
281
Let g(s) = 247*s + 4. Let m be g(3). Let p(x) = -38*x + 1936. Let z be p(47). Suppose -5*u + m = z. List the prime factors of u.
7, 17
Let o(w) = 13*w**2 + 110*w + 236. List the prime factors of o(-41).
17579
Suppose 14*j - 204932 = -14*j. List the prime factors of j.
13, 563
Let s(n) = -9*n + 12 - 15*n - 32. Let b(a) = -2*a**2 - a. Let i be b(2). What are the prime factors of s(i)?
2, 5, 11
Let z be (18/15)/((-18)/(-60)). Let k be -2*((-21)/6 + z). List the prime factors of (5 - k)*(-42)/(-12).
3, 7
Let n = 306 + -214. Let y = n + -77. Suppose -2*v + 0*d + 3 = -d, 5*d = y. List the prime factors of v.
3
Let l(g) = 231*g + 9094. What are the prime factors of l(174)?
2, 61, 101
Let j(v) = 2*v - 2. Let b be j(3). Suppose 5*o - 2*z - 7 = 18, 0 = 5*z. Suppose -o*n + 4*n - b*i + 147 = 0, -i - 142 = -n. What are the prime factors of n?
11, 13
Let d = -22120 + 26465. What are the prime factors of d?
5, 11, 79
Suppose 4*u + 7956 = 4*l, -3*l + 577*u + 5953 = 581*u. What are the prime factors of l?
1987
Let r(k) = 411*k + 14. Let g be r(2). Suppose -m = 4*w - 755, -4*w + g = -2*m + 66. What are the prime factors of w?
2, 5, 19
Suppose -2*f = 5*y - 110558, 22801 - 688 = y - f. List the prime factors of y.
2, 691
Suppose -17*z + 288 = -11*z. Suppose z = 7*u - 11*u. What are the prime factors of u/(-9) + 1760/12?
2, 37
Suppose -1083 = -10*u + 34337. Let h = u - 2075. What are the prime factors of h?
3, 163
Let a(x) = 30*x - 23. Let j be (-14 - -12) + (-14)/(-2). List the prime factors of a(j).
127
Suppose -5*v - 7201 = -x, x - 9089 = -3*v - 1848. List the prime factors of x.
2, 3613
Suppose 576*s - 4698 = 573*s. Suppose -2*d + 3*f = -2175, 1654 + s = 3*d + 4*f. List the prime factors of d.
2, 3, 5
Let j(g) = -3154*g + 3420. List the prime factors of j(-13).
2, 7, 19, 167
Suppose 179*g - 180*g + o + 611 = 0, o + 3055 = 5*g. Suppose -m + 2*m + 23 = 5*t, 0 = -2*t + 5*m. Suppose -t*q + g = 166. List the prime factors of q.
89
Suppose 0 = 2*b - b - 5*a - 33, 4*b - 237 = -a. Let o = b + -36. Let t = 53 - o. What are the prime factors of t?
31
List the prime factors of (-147)/((8/(-12))/((140/(-6))/(-5))).
3, 7
Let a(x) be the third derivative of 13*x**4/12 - 2*x**3 - 13*x**2. Let i be a(5). Suppose 2*h - 336 + i = 0. What are the prime factors of h?
109
Let g = 40027 + -22992. List the prime factors of g.
5, 3407
Let m = 9293 - 4682. List the prime factors of m.
3, 29, 53
Let t = -23071 - -35086. List the prime factors of t.
3, 5, 89
Let n(w) = 4*w**2 + 6. Suppose g - 19 = -0*g - 5*c, 2*c = -4*g + 22. Let q be n(g). Let v = 133 - q. List the prime factors of v.
3, 7
Let w(g) = -1630*g - 189. What are the prime factors of w(-8)?
71, 181
Suppose 4*p - 5*p = o - 55, 4*p - 218 = -3*o. Suppose 43*a + 6120 = p*a. What are the prime factors of a?
2, 3, 17
Suppose -5*c + 